{"id":36,"date":"2023-07-09T14:20:41","date_gmt":"2023-07-09T14:20:41","guid":{"rendered":"https:\/\/timsen.giaodienflatsome.com\/?page_id=36"},"modified":"2023-07-11T12:31:22","modified_gmt":"2023-07-11T12:31:22","slug":"dang-ky-bao-ho-thuong-hieu","status":"publish","type":"page","link":"https:\/\/timsen.giaodienflatsome.com\/index.php\/dang-ky-bao-ho-thuong-hieu\/","title":{"rendered":"\u0110\u0103ng k\u00fd b\u1ea3o h\u1ed9 th\u01b0\u01a1ng hi\u1ec7u"},"content":{"rendered":"\n\t<section class=\"section\" id=\"section_328971837\">\n\t\t<div class=\"section-bg fill\" >\n\t\t\t\t\t\t\t\t\t\n\t\t\t\n\n\t\t<\/div>\n\n\t\t\n\n\t\t<div class=\"section-content relative\">\n\t\t\t\n<div class=\"row\"  id=\"row-1682960805\">\n\n\t<div id=\"col-1611867283\" class=\"col small-12 large-12\"  >\n\t\t\t\t<div class=\"col-inner\"  >\n\t\t\t\n\t\t\t\n<h1 class=\"entry-title mb uppercase\">D\u1ecaCH V\u1ee4 \u0110\u0102NG K\u00dd NH\u00c3N HI\u1ec6U<\/h1>\n<h1 style=\"text-align: justify;\"><span style=\"color: #be1e2d;\">D\u1ecaCH V\u1ee4 \u0110\u0102NG K\u00dd NH\u00c3N HI\u1ec6U <\/span><\/h1>\n<p style=\"text-align: justify;\"><span style=\"font-size: 90%;\"><strong>B\u1ea3o h\u1ed9 th\u01b0\u01a1ng hi\u1ec7u<\/strong>\u00a0nh\u1eb1m m\u1ee5c \u0111\u00edch x\u00e1c nh\u1eadn r\u1eb1ng, th\u01b0\u01a1ng hi\u1ec7u m\u00ecnh x\u00e2y d\u1ef1ng v\u00e0 ho\u1ea1t \u0111\u1ed9ng, khai th\u00e1c l\u00e0 c\u1ee7a ch\u00ednh doanh nghi\u1ec7p m\u00ecnh, khi \u0111\u0103ng k\u00fd b\u1ea3o h\u1ed9, ngh\u0129a l\u00e0 mong mu\u1ed1n x\u00e1c l\u1eadp quy\u1ec1n s\u1edf h\u1eefu bao g\u1ed3m c\u00e1c quy\u1ec1n theo lu\u1eadt d\u00e2n s\u1ef1:<strong>\u00a0quy\u1ec1n chi\u1ebfm h\u1eefu,quy\u1ec1n s\u1eed d\u1ee5ng, quy\u1ec1n \u0111\u1ecbnh \u0111o\u1ea1t<\/strong>\u00a0th\u01b0\u01a1ng hi\u1ec7u m\u00ecnh mu\u1ed1n \u0111\u0103ng k\u00fd.<\/span><\/p>\n<p style=\"text-align: justify;\"><span style=\"font-size: 90%;\">Th\u00f4ng th\u01b0\u1eddng v\u1edbi\u00a0<strong>t\u1ea7m nh\u00ecn v\u00e0 s\u1ef1 chuy\u00ean nghi\u1ec7p<\/strong>, c\u00e1c ch\u1ee7 doanh nghi\u1ec7p mu\u1ed1n \u0111\u0103ng k\u00fd b\u1ea3o h\u1ed9 th\u01b0\u01a1ng hi\u1ec7u c\u1ee7a h\u1ecd l\u00e0m ra \u0111\u1ec3 tr\u00e1nh b\u1ecb b\u00ean kh\u00e1c sao ch\u00e9p v\u00e0 s\u1eed d\u1ee5ng tr\u00e1i ph\u00e1p lu\u1eadt nh\u1eb1m tr\u1ee5c l\u1ee3i. Khi \u0111\u01b0\u1ee3c b\u1ea3o h\u1ed9, ch\u1ee7 s\u1edf h\u1eefu th\u01b0\u01a1ng hi\u1ec7u c\u00f3 quy\u1ec1n\u00a0<strong>y\u00eau c\u1ea7u ch\u1ea5m d\u1ee9t s\u1eed d\u1ee5ng<\/strong>\u00a0\u0111\u1ebfn c\u00e1c b\u00ean s\u1eed d\u1ee5ng khi kh\u00f4ng c\u00f3 s\u1ef1 \u0111\u1ed3ng \u00fd c\u1ee7a m\u00ecnh, th\u1ee7 t\u1ee5c n\u00e0y c\u00f3 th\u1ec3 ti\u1ebfn h\u00e0nh b\u1eb1ng c\u00e1ch tho\u1ea3 thu\u1eadn d\u00e2n s\u1ef1 ho\u1eb7c c\u00e1c b\u01b0\u1edbc ti\u1ebfn h\u00e0nh t\u1ed1 t\u1ee5ng theo quy \u0111\u1ecbnh c\u1ee7a ph\u00e1p lu\u1eadt<\/span><\/p>\n<p style=\"text-align: justify;\"><span style=\"font-size: 90%;\">H\u1ed7 tr\u1ee3 Qu\u00fd kh\u00e1ch h\u00e0ng ho\u00e0n t\u1ea5t th\u1ee7 t\u1ee5c sao cho ti\u1ebft ki\u1ec7m c\u1ea3 th\u1eddi gian l\u1eabn chi ph\u00ed,\u00a0<strong>c\u00f4ng ty TNHH TIM SEN<\/strong>\u00a0cung c\u1ea5p d\u1ecbch v\u1ee5 \u0110\u0103ng k\u00fd nh\u00e3n hi\u1ec7u. \u0110\u0103ng k\u00fd nh\u00e3n hi\u1ec7u t\u1ea1i C\u00f4ng ty TIM SEN bao g\u1ed3m cung c\u1ea5p h\u1ed3 s\u01a1 \u0111\u0103ng k\u00fd nh\u00e3n hi\u1ec7u, \u0111\u1ea1i di\u1ec7n kh\u00e1ch h\u00e0ng giao d\u1ecbch v\u1edbi c\u01a1 quan nh\u00e0 n\u01b0\u1edbc \u0111\u1ec3 th\u00fac \u0111\u1ea9y nhanh ch\u00f3ng v\u1ec1 vi\u1ec7c c\u1ea5p gi\u1ea5y ch\u1ee9ng nh\u1eadn \u0111\u0103ng k\u00fd nh\u00e3n hi\u1ec7u cho kh\u00e1ch h\u00e0ng, \u0111\u1ea3m b\u1ea3o ho\u00e0n th\u00e0nh th\u1ee7 t\u1ee5c\u00a0<strong>nhanh ch\u00f3ng<\/strong>,<strong>\u00a0an to\u00e0n<\/strong>,\u00a0<strong>b\u1ea3o m\u1eadt<\/strong>\u00a0v\u1edbi\u00a0<strong>chi ph\u00ed th\u1ea5p<\/strong>\u00a0nh\u1ea5t.<\/span><\/p>\n<p><img loading=\"lazy\" decoding=\"async\" class=\"aligncenter wp-image-273 size-full\" title=\"D\u1ecaCH V\u1ee4 \u0110\u0102NG K\u00dd NH\u00c3N HI\u1ec6U\" src=\"https:\/\/timsen.giaodienflatsome.com\/wp-content\/uploads\/2023\/07\/dang-ky-bao-ho-thuong-hieu-36.jpg\" sizes=\"auto, (max-width: 1920px) 100vw, 1920px\" srcset=\"https:\/\/timsen.giaodienflatsome.com\/wp-content\/uploads\/2023\/07\/dang-ky-bao-ho-thuong-hieu-36.jpg 1920w, https:\/\/timsen.vn\/wp-content\/uploads\/2019\/04\/thay-doi-giay-phep-510x202.jpg 510w, https:\/\/timsen.vn\/wp-content\/uploads\/2019\/04\/thay-doi-giay-phep-300x119.jpg 300w, https:\/\/timsen.vn\/wp-content\/uploads\/2019\/04\/thay-doi-giay-phep-768x304.jpg 768w, https:\/\/timsen.vn\/wp-content\/uploads\/2019\/04\/thay-doi-giay-phep-1024x405.jpg 1024w\" alt=\"thay doi giay phep - D\u1ecaCH V\u1ee4 \u0110\u0102NG K\u00dd NH\u00c3N HI\u1ec6U\" width=\"1920\" height=\"760\" \/><\/p>\n<p style=\"text-align: justify;\"><span style=\"font-size: 90%;\"><strong>C\u00d4NG VI\u1ec6C C\u1ee6A TIMSEN.VN:<\/strong><\/span><\/p>\n<p style=\"text-align: justify;\"><strong>1. T\u01b0 v\u1ea5n mi\u1ec5n ph\u00ed tr\u01b0\u1edbc khi \u0111\u0103ng k\u00fd:<\/strong><\/p>\n<ul class=\"giaiphap\" style=\"text-align: justify;\">\n<li>T\u01b0 v\u1ea5n Ph\u00e2n nh\u00f3m theo B\u1ea3ng ph\u00e2n lo\u1ea1i Nice c\u1ee7a Qu\u1ed1c T\u1ebf;<\/li>\n<li>T\u01b0 v\u1ea5n Tra c\u1ee9u nh\u00e3n hi\u1ec7u \u0111\u1ec3 x\u00e1c \u0111\u1ecbnh kh\u1ea3 n\u0103ng b\u1ea3o h\u1ed9 c\u1ee7a Nh\u00e3n hi\u1ec7u chu\u1ea9n b\u1ecb \u0111\u0103ng k\u00fd c\u00f3 t\u01b0\u01a1ng t\u1ef1 ho\u1eb7c tr\u00f9ng l\u1eafp v\u1edbi nh\u1eefng nh\u00e3n hi\u1ec7u \u0111\u00e3 n\u1ed9p<\/li>\n<li>T\u01b0 v\u1ea5n L\u1ef1a ch\u1ecdn c\u00e1c ph\u01b0\u01a1ng \u00e1n \u0111\u1ec3 c\u1ea5u th\u00e0nh Nh\u00e3n hi\u1ec7u H\u00e0ng h\u00f3a, c\u00e1c y\u1ebfu t\u1ed1 c\u1ea7n thi\u1ebft \u0111\u1ec3 \u0111\u1ea3m b\u1ea3o t\u00ednh kh\u00e1c bi\u1ec7t khi b\u1ea3o h\u1ed9;<\/li>\n<li>T\u01b0 v\u1ea5n c\u00e1c \u0110\u1ed1i t\u01b0\u1ee3ng b\u1ea3o h\u1ed9 kh\u00e1c li\u00ean quan \u0111\u1ebfn Nh\u00e3n hi\u1ec7u h\u00e0ng h\u00f3a nh\u01b0 \u0110\u0103ng k\u00fd b\u1ea3o h\u1ed9 bao b\u00ec, nh\u00e3n m\u00e1c, ki\u1ec3u d\u00e1ng s\u1ea3n ph\u1ea9m\u2026<\/li>\n<li>T\u01b0 v\u1ea5n kh\u1ea3 n\u0103ng b\u1ecb tr\u00f9ng, t\u01b0\u01a1ng t\u1ef1 d\u1eabn \u0111\u1ebfn kh\u1ea3 n\u0103ng b\u1ecb t\u1eeb ch\u1ed1i c\u1ee7a nh\u00e3n hi\u1ec7u h\u00e0ng h\u00f3a.<\/li>\n<\/ul>\n<p style=\"text-align: justify;\"><strong>2. Chu\u1ea9n b\u1ecb h\u1ed3 s\u01a1<\/strong><\/p>\n<ul class=\"giaiphap\" style=\"text-align: justify;\">\n<li>L\u1eadp t\u1edd khai \u0111\u0103ng k\u00fd nh\u00e3n hi\u1ec7u<\/li>\n<li>In m\u1eabu nh\u00e3n hi\u1ec7u<\/li>\n<\/ul>\n<p style=\"text-align: justify;\"><strong>3. N\u1ed9p h\u1ed3 s\u01a1<\/strong><\/p>\n<ul class=\"giaiphap\" style=\"text-align: justify;\">\n<li>Thay m\u1eb7t kh\u00e1ch h\u00e0ng n\u1ed9p h\u1ed3 s\u01a1 \u0111\u0103ng k\u00fd b\u1ea3o h\u1ed9 logo th\u01b0\u01a1ng hi\u1ec7u t\u1ea1i C\u1ee5c S\u1edf h\u1eefu tr\u00ed tu\u1ec7 Vi\u1ec7t Nam trong th\u1eddi gian 03 ng\u00e0y l\u00e0m vi\u1ec7c k\u1ec3 t\u1eeb ng\u00e0y nh\u1eadn \u0111\u1ee7 h\u1ed3 s\u01a1 h\u1ee3p l\u1ec7<\/li>\n<li>Chuy\u1ec3n giao h\u1ed3 s\u01a1 t\u1edd khai c\u00f3 d\u1ea5u nh\u1eadn \u0111\u01a1n c\u1ee7a C\u1ee5c S\u1edf h\u1eefu tr\u00ed tu\u1ec7 Vi\u1ec7t Nam cho kh\u00e1ch h\u00e0ng trong th\u1eddi gian 03 ng\u00e0y l\u00e0m vi\u1ec7c t\u1eeb ng\u00e0y n\u1ed9p h\u1ed3 s\u01a1.<\/li>\n<\/ul>\n<p style=\"text-align: justify;\"><strong>4.\u00a0Qu\u00e1 tr\u00ecnh theo d\u00f5i h\u1ed3 s\u01a1 \u0111\u0103ng k\u00fd<\/strong><\/p>\n<ul class=\"giaiphap\" style=\"text-align: justify;\">\n<li>Theo d\u00f5i ti\u1ebfn tr\u00ecnh c\u1ee7a \u0110\u01a1n v\u00e0 th\u01b0\u1eddng xuy\u00ean c\u1eadp nh\u1eadt t\u00ecnh tr\u1ea1ng cho \u0111\u1ebfn khi c\u00f3 k\u1ebft lu\u1eadn cu\u1ed1i c\u00f9ng c\u1ee7a C\u1ee5c S\u1edf h\u1eefu tr\u00ed tu\u1ec7 v\u1ec1 vi\u1ec7c \u0111\u0103ng k\u00fd logo, nh\u00e3n hi\u1ec7u;<\/li>\n<li>T\u01b0 v\u1ea5n v\u1ec1 vi\u1ec7c s\u1eed d\u1ee5ng logo, nh\u00e3n hi\u1ec7u sau khi c\u1ea5p b\u1eb1ng (n\u1ebfu c\u00f3 Gi\u1ea5y ch\u1ee9ng nh\u1eadn).<\/li>\n<\/ul>\n<p style=\"text-align: justify;\"><strong>Qu\u00e1 tr\u00ecnh \u0111\u0103ng k\u00fd nh\u00e3n hi\u1ec7u<br \/>\n<\/strong><\/p>\n<ul class=\"giaiphap\" style=\"text-align: justify;\">\n<li>Th\u1ea9m \u0111\u1ecbnh h\u00ecnh th\u1ee9c: 01 th\u00e1ng k\u1ec3 t\u1eeb ng\u00e0y n\u1ed9p \u0111\u01a1n<\/li>\n<li>C\u00f4ng b\u1ed1 \u0110\u01a1n tr\u00ean C\u00f4ng b\u00e1o: 02 th\u00e1ng k\u1ec3 t\u1eeb ng\u00e0y ch\u1ea5p nh\u1eadn \u0111\u01a1n h\u1ee3p l\u1ec7<\/li>\n<li>Th\u1ea9m \u0111\u1ecbnh n\u1ed9i dung: 09 th\u00e1ng k\u1ec3 t\u1eeb ng\u00e0y c\u00f4ng b\u1ed1 \u0111\u01a1n<\/li>\n<li>C\u1ea5p v\u00e0 c\u00f4ng b\u1ed1 Gi\u1ea5y ch\u1ee9ng nh\u1eadn \u0111\u0103ng k\u00fd nh\u00e3n hi\u1ec7u: 1-2 th\u00e1ng k\u1ec3 t\u1eeb ng\u00e0y c\u00f3 th\u00f4ng b\u00e1o ch\u1ea5p nh\u1eadn n\u1ed9i dung \u0111\u01a1n \u0111\u0103ng k\u00fd nh\u00e3n hi\u1ec7u.<\/li>\n<\/ul>\n<p style=\"text-align: justify;\">Tuy nhi\u00ean, tr\u00ean th\u1ef1c t\u1ebf th\u1eddi h\u1ea1n n\u00e0y c\u00f3 th\u1ec3 nhanh h\u01a1n ho\u1eb7c ch\u1eadm h\u01a1n tu\u1ef3 thu\u1ed9c v\u00e0o s\u1ed1 l\u01b0\u1ee3ng \u0111\u01a1n n\u1ed9p v\u00e0o C\u1ee5c t\u1ea1i th\u1eddi \u0111i\u1ec3m x\u00e9t nghi\u1ec7m.<br \/>\nHi\u1ec7u l\u1ef1c Gi\u1ea5y ch\u1ee9ng nh\u1eadn \u0111\u0103ng k\u00fd nh\u00e3n hi\u1ec7u: 10 n\u0103m k\u1ec3 t\u1eeb ng\u00e0y n\u1ed9p \u0111\u01a1n \u0111\u0103ng k\u00fd v\u00e0 c\u00f3 gi\u00e1 tr\u1ecb tr\u00ean to\u00e0n l\u00e3nh th\u1ed5 Vi\u1ec7t Nam, \u0111\u01b0\u1ee3c gia h\u1ea1n nhi\u1ec1u l\u1ea7n li\u00ean ti\u1ebfp.<\/p>\n<p style=\"text-align: justify;\"><strong>D\u1ecbch v\u1ee5 h\u1eadu m\u00e3i c\u1ee7a Tim Sen:<\/strong><\/p>\n<p style=\"text-align: justify;\">Sau khi ho\u00e0n t\u1ea5t th\u1ee7 t\u1ee5c \u0110\u0103ng k\u00fd b\u1ea3o h\u1ed9 Logo \u2013 Nh\u00e3n hi\u1ec7u, Tim Sen v\u1eabn ti\u1ebfp t\u1ee5c h\u1ed7 tr\u1ee3 cho kh\u00e1ch h\u00e0ng m\u1ed9t s\u1ed1 d\u1ecbch v\u1ee5 \u01b0u \u0111\u00e3i nh\u01b0:<\/p>\n<ul class=\"giaiphap\">\n<li style=\"text-align: justify;\">Cung c\u1ea5p b\u1ed9 h\u1ed3 s\u01a1 n\u1ed9i b\u1ed9 c\u00f4ng ty mi\u1ec5n ph\u00ed;<\/li>\n<li style=\"text-align: justify;\">T\u01b0 v\u1ea5n so\u1ea1n th\u1ea3o n\u1ed9i quy quy ch\u1ebf c\u00f4ng ty;<\/li>\n<li style=\"text-align: justify;\">Cung c\u1ea5p h\u1ed3 s\u01a1, v\u0103n b\u1ea3n ph\u00e1p lu\u1eadt v\u00e0 <strong>t\u01b0 v\u1ea5n mi\u1ec5n ph\u00ed 1 n\u0103m<\/strong>;<\/li>\n<li style=\"text-align: justify;\">Cung c\u1ea5p D\u1ecbch v\u1ee5 k\u1ebf to\u00e1n tr\u1ecdn g\u00f3i v\u1edbi gi\u00e1 \u01b0u \u0111\u00e3i.<\/li>\n<\/ul>\n<p>Trong b\u1ea5t k\u1ef3 l\u00fac n\u00e0o, n\u1ebfu b\u1ea1n \u0111ang c\u00f3 b\u1ea5t c\u1ee9 th\u1eafc m\u1eafc n\u00e0o li\u00ean quan\u00a0<strong>th\u00e0nh l\u1eadp c\u00f4ng ty tr\u1ecdn g\u00f3i, d\u1ecbch v\u1ee5 khai thu\u1ebf t\u1ea1i TP.HCM, <b>d\u1ecbch v\u1ee5 ho\u00e0n thu\u1ebf gi\u00e1 tr\u1ecb gia t\u0103ng<\/b>, d\u1ecbch v\u1ee5 b\u00e1o c\u00e1o thu\u1ebf cu\u1ed1i n\u0103m t\u1ea1i TPHCM<\/strong>\u00a0v\u00e0 c\u00e1c v\u1ea5n \u0111\u1ec1 kh\u00e1c c\u00f3 li\u00ean quan b\u1ea1n c\u00f3 th\u1ec3 li\u00ean h\u1ec7 t\u1edbi TIM SEN\u00a0th\u00f4ng qua t\u1ed5ng \u0111\u00e0i 028.71 069 069 \u2013 0903 016 246 (24\/7) \u0111\u1ec3 \u0111\u01b0\u1ee3c t\u01b0 v\u1ea5n v\u00e0 h\u1ed7 tr\u1ee3 mi\u1ec5n ph\u00ed!<\/p>\n<p><em>M\u1ecdi chi ti\u1ebft xin vui l\u00f2ng li\u00ean h\u1ec7 :<\/em><\/p>\n<p><strong>C\u00d4NG TY TNHH TIM SEN<\/strong><\/p>\n<p><strong>\u00a0\u0110\u1ecba ch\u1ec9 : T\u00f2a nh\u00e0 Ho\u00e0ng Anh Safomec, S\u1ed1 7\/1 Th\u00e0nh Th\u00e1i, Ph\u01b0\u1eddng 14, Qu\u1eadn 10, Tp.HCM, Vi\u1ec7t Nam.<\/strong><\/p>\n<p><strong>\u00a0\u0110i\u1ec7n tho\u1ea1i: (028) 71 069 069 \u2013 Hotline : 0903 016 246<\/strong><\/p>\n<p><strong>\u00a0Email :\u00a0info@timsen.vn<\/strong><\/p>\n\t\t<\/div>\n\t\t\t\t\t<\/div>\n\n\t\n<\/div>\n\t\t<\/div>\n\n\t\t\n<style>\n#section_328971837 {\n  padding-top: 30px;\n  padding-bottom: 30px;\n}\n<\/style>\n\t<\/section>\n\t\n","protected":false},"excerpt":{"rendered":"","protected":false},"author":1,"featured_media":294,"parent":0,"menu_order":0,"comment_status":"closed","ping_status":"closed","template":"page-blank.php","meta":{"footnotes":""},"class_list":["post-36","page","type-page","status-publish","has-post-thumbnail","hentry"],"_links":{"self":[{"href":"https:\/\/timsen.giaodienflatsome.com\/index.php\/wp-json\/wp\/v2\/pages\/36","targetHints":{"allow":["GET"]}}],"collection":[{"href":"https:\/\/timsen.giaodienflatsome.com\/index.php\/wp-json\/wp\/v2\/pages"}],"about":[{"href":"https:\/\/timsen.giaodienflatsome.com\/index.php\/wp-json\/wp\/v2\/types\/page"}],"author":[{"embeddable":true,"href":"https:\/\/timsen.giaodienflatsome.com\/index.php\/wp-json\/wp\/v2\/users\/1"}],"replies":[{"embeddable":true,"href":"https:\/\/timsen.giaodienflatsome.com\/index.php\/wp-json\/wp\/v2\/comments?post=36"}],"version-history":[{"count":7,"href":"https:\/\/timsen.giaodienflatsome.com\/index.php\/wp-json\/wp\/v2\/pages\/36\/revisions"}],"predecessor-version":[{"id":295,"href":"https:\/\/timsen.giaodienflatsome.com\/index.php\/wp-json\/wp\/v2\/pages\/36\/revisions\/295"}],"wp:featuredmedia":[{"embeddable":true,"href":"https:\/\/timsen.giaodienflatsome.com\/index.php\/wp-json\/wp\/v2\/media\/294"}],"wp:attachment":[{"href":"https:\/\/timsen.giaodienflatsome.com\/index.php\/wp-json\/wp\/v2\/media?parent=36"}],"curies":[{"name":"wp","href":"https:\/\/api.w.org\/{rel}","templated":true}]}}