{"id":44,"date":"2023-07-09T14:21:29","date_gmt":"2023-07-09T14:21:29","guid":{"rendered":"https:\/\/timsen.giaodienflatsome.com\/?page_id=44"},"modified":"2023-07-11T12:32:52","modified_gmt":"2023-07-11T12:32:52","slug":"dich-vu-quyet-toan-thue-cuoi-nam","status":"publish","type":"page","link":"https:\/\/timsen.giaodienflatsome.com\/index.php\/dich-vu-quyet-toan-thue-cuoi-nam\/","title":{"rendered":"D\u1ecbch v\u1ee5 quy\u1ebft to\u00e1n thu\u1ebf cu\u1ed1i n\u0103m"},"content":{"rendered":"\n\t<section class=\"section\" id=\"section_1559423977\">\n\t\t<div class=\"section-bg fill\" >\n\t\t\t\t\t\t\t\t\t\n\t\t\t\n\n\t\t<\/div>\n\n\t\t\n\n\t\t<div class=\"section-content relative\">\n\t\t\t\n<div class=\"row\"  id=\"row-1589356930\">\n\n\t<div id=\"col-1209580500\" class=\"col small-12 large-12\"  >\n\t\t\t\t<div class=\"col-inner\"  >\n\t\t\t\n\t\t\t\n<h1 class=\"entry-title mb uppercase\">D\u1ecaCH V\u1ee4 KI\u1ec2M TRA S\u1ed4 S\u00c1CH K\u1ebe TO\u00c1N<\/h1>\n<p><strong><span style=\"color: #be1e2d; font-size: 150%;\">D\u1ecaCH V\u1ee4 KI\u1ec2M TRA S\u1ed4 S\u00c1CH K\u1ebe TO\u00c1N <\/span><\/strong><\/p>\n<p><strong>\u201cQuy\u1ebft to\u00e1n thu\u1ebf\u201d<\/strong>\u00a0l\u00e0 c\u1ee5m t\u1eeb kh\u00f4ng c\u00f2n m\u1ea5y xa l\u1ea1 v\u1edbi doanh nghi\u1ec7p. C\u1ee9 m\u1ed7i \u0111\u1ed9 \u0111\u1ebfn k\u1ef3 quy\u1ebft to\u00e1n thu\u1ebf, doanh nghi\u1ec7p l\u1ea1i t\u1ea5t b\u1eadt vi\u1ec7c trong vi\u1ec7c ngo\u00e0i nh\u01b0ng v\u1eabn c\u00f2n m\u1eafc sai s\u00f3t ch\u01b0a n\u1eafm r\u00f5 chu\u1ea9n m\u1ef1c, nghi\u1ec7p v\u1ee5 k\u1ebf to\u00e1n, thi\u1ebfu nh\u00e2n s\u1ef1 chuy\u00ean tr\u00e1ch c\u00f3 tr\u00ecnh \u0111\u1ed9 v\u00e0 l\u00e0m vi\u1ec7c \u1ed5n \u0111\u1ecbnh d\u1eabn \u0111\u1ebfn h\u1ec7 th\u1ed1ng s\u1ed5 s\u00e1ch k\u1ebf to\u00e1n thi\u1ebfu s\u00f3t, l\u1ed9n x\u1ed9n, kh\u00f4ng \u0111\u00fang theo quy chu\u1ea9n khi\u1ebfn cho vi\u1ec7c qu\u1ea3n l\u00fd , theo d\u00f5i tr\u1edf n\u00ean kh\u00f3 kh\u0103n, ph\u00e1t sinh nh\u1eefng v\u01b0\u1edbng m\u1eafc, sai ph\u1ea1m v\u1ec1 thu\u1ebf d\u1eabn \u0111\u1ebfn nh\u1eefng h\u1eadu qu\u1ea3 nghi\u00eam tr\u1ecdng khi th\u1ef1c hi\u1ec7n quy\u1ebft to\u00e1n thu\u1ebf, g\u00e2y thi\u1ec7t h\u1ea1i cho doanh nghi\u1ec7p.<\/p>\n<p><img loading=\"lazy\" decoding=\"async\" class=\"aligncenter wp-image-275 size-full\" title=\"D\u1ecaCH V\u1ee4 KI\u1ec2M TRA S\u1ed4 S\u00c1CH K\u1ebe TO\u00c1N\" src=\"https:\/\/timsen.giaodienflatsome.com\/wp-content\/uploads\/2023\/07\/dich-vu-quyet-toan-thue-cuoi-nam-44.jpg\" sizes=\"auto, (max-width: 1920px) 100vw, 1920px\" srcset=\"https:\/\/timsen.giaodienflatsome.com\/wp-content\/uploads\/2023\/07\/dich-vu-quyet-toan-thue-cuoi-nam-44.jpg 1920w, https:\/\/timsen.vn\/wp-content\/uploads\/2019\/04\/ketoan2-510x266.jpg 510w, https:\/\/timsen.vn\/wp-content\/uploads\/2019\/04\/ketoan2-300x156.jpg 300w, https:\/\/timsen.vn\/wp-content\/uploads\/2019\/04\/ketoan2-768x400.jpg 768w, https:\/\/timsen.vn\/wp-content\/uploads\/2019\/04\/ketoan2-1024x533.jpg 1024w\" alt=\"ketoan2 - D\u1ecaCH V\u1ee4 KI\u1ec2M TRA S\u1ed4 S\u00c1CH K\u1ebe TO\u00c1N\" width=\"1920\" height=\"1000\" \/><\/p>\n<p>Th\u1ea5u hi\u1ec3u \u0111i\u1ec1u \u1ea5y,\u00a0<strong>C\u00f4ng ty TNHH Tim Sen<\/strong>\u00a0cung c\u1ea5p d\u1ecbch v\u1ee5 Ki\u1ec3m tra s\u1ed5 s\u00e1ch k\u1ebf to\u00e1n g\u1ee1 r\u1ed1i kh\u00fac m\u1eafc c\u1ee7a doanh nghi\u1ec7p, gi\u00fap Qu\u00fd kh\u00e1ch h\u00e0ng an t\u00e2m t\u1eadp trung\u00a0<strong>ph\u00e1t tri\u1ec3n chi\u1ebfn l\u01b0\u1ee3c<\/strong>\u00a0v\u00e0 \u0111\u1ec1 ra ph\u01b0\u01a1ng \u00e1n qu\u1ea3n tr\u1ecb doanh nghi\u1ec7p.<\/p>\n<h2><span style=\"font-size: 90%;\"><strong>Gi\u00e1 tr\u1ecb doanh nghi\u1ec7p nh\u1eadn \u0111\u01b0\u1ee3c khi s\u1eed d\u1ee5ng d\u1ecbch v\u1ee5 c\u1ee7a Tim Sen:<\/strong><\/span><\/h2>\n<ul class=\"nhucau\">\n<li>Ki\u1ec3m tra to\u00e0n b\u1ed9 h\u1ec7 th\u1ed1ng s\u1ed5 s\u00e1ch m\u1ed9t c\u00e1ch kh\u00e1ch quan tr\u00ean c\u01a1 s\u1edf ph\u00e1p l\u00fd.<\/li>\n<li>R\u00e0 so\u00e1t to\u00e0n b\u1ed9 h\u1ec7 th\u1ed1ng ch\u1ee9ng t\u1eeb, s\u1ed1 li\u1ec7u tr\u00ean s\u1ed5 s\u00e1ch k\u1ebf to\u00e1n.<\/li>\n<li>Th\u00f4ng b\u00e1o v\u1edbi doanh nghi\u1ec7p nh\u1eefng t\u1ed3n \u0111\u1ecdng trong h\u1ec7 th\u1ed1ng k\u1ebf to\u00e1n<\/li>\n<li>C\u00e2n \u0111\u1ed1i, h\u1ee3p th\u1ee9c h\u00f3a s\u1ed1 li\u1ec7u cho logic, kh\u1edbp nhau<\/li>\n<li>\u0110\u01b0a ra ph\u01b0\u01a1ng \u00e1n kh\u1eafc ph\u1ee5c l\u1ed7i sai \u2013 B\u1ed5 sung s\u1ed5 s\u00e1ch, ch\u1ee9ng t\u1eeb, m\u1eabu bi\u1ec3u k\u1ebf to\u00e1n c\u00f2n thi\u1ebfu \u0111\u1ea3m b\u1ea3o \u0111\u1ed9 ch\u1eb7t ch\u1ebd cho vi\u1ec7c quy\u1ebft to\u00e1n<\/li>\n<\/ul>\n<h2><span style=\"font-size: 90%;\"><strong>T\u1ea1i sao doanh nghi\u1ec7p c\u1ea7n l\u1ef1a ch\u1ecdn s\u1eed d\u1ee5ng d\u1ecbch v\u1ee5 c\u1ee7a c\u00f4ng ty TNHH Tim Sen?<\/strong><\/span><\/h2>\n<ul class=\"giaiphap\">\n<li><strong>Ch\u1ea5t l\u01b0\u1ee3ng h\u00e0ng \u0111\u1ea7u :<\/strong> Lu\u00f4n \u0111\u01b0a ch\u1ea5t l\u01b0\u1ee3ng d\u1ecbch v\u1ee5 l\u00ean v\u1ecb tr\u00ed h\u00e0ng \u0111\u1ea7u, th\u1ecfa m\u00e3n v\u00e0 \u0111\u00e1p \u1ee9ng cao nh\u1ea5t nhu c\u1ea7u c\u1ee7a Qu\u00fd kh\u00e1ch h\u00e0ng, t\u1ea1o ra nhi\u1ec1u gi\u00e1 tr\u1ecb gia t\u0103ng cho Kh\u00e1ch h\u00e0ng.<\/li>\n<li><strong>D\u1ecbch v\u1ee5 chuy\u00ean nghi\u1ec7p :<\/strong> \u0110\u1ed9i ng\u0169 l\u00e3nh \u0111\u1ea1o v\u00e0 nh\u00e2n s\u1ef1 c\u00f3 tr\u00ecnh \u0111\u1ed9 chuy\u00ean m\u00f4n cao, nhi\u1ec1u n\u0103m kinh nghi\u1ec7m, t\u01b0 v\u1ea5n v\u00e0 h\u1ed7 tr\u1ee3 qu\u00fd kh\u00e1ch h\u00e0ng k\u1ecbp th\u1eddi, nhanh ch\u00f3ng, th\u1ef1c hi\u1ec7n theo \u0111\u00fang c\u00e1c quy \u0111\u1ecbnh c\u1ee7a ph\u00e1p lu\u1eadt v\u00e0 chu\u1ea9n m\u1ef1c \u0111\u1ea1o \u0111\u1ee9c ngh\u1ec1 nghi\u1ec7p.<\/li>\n<li><strong>Th\u01b0\u01a1ng hi\u1ec7u uy t\u00edn :<\/strong> V\u1edbi th\u00e2m ni\u00ean tr\u00ean 8 n\u0103m, Tim Sen hi\u1ec7n l\u00e0 \u0111\u1ed1i t\u00e1c c\u1ee7a h\u01a1n 800 kh\u00e1ch h\u00e0ng trong v\u00e0 ngo\u00e0i n\u01b0\u1edbc.<\/li>\n<li><strong>B\u1ea3o m\u1eadt tuy\u1ec7t \u0111\u1ed1i :<\/strong> Ho\u00e0n to\u00e0n y\u00ean t\u00e2m v\u00ec th\u00f4ng tin Kh\u00e1ch h\u00e0ng \u0111\u01b0\u1ee3c b\u1ea3o m\u1eadt m\u1ed9t c\u00e1ch tuy\u1ec7t \u0111\u1ed1i 100%. Ch\u00fang t\u00f4i cam k\u1ebft ch\u1ecbu ho\u00e0n to\u00e0n tr\u00e1ch nhi\u1ec7m tr\u01b0\u1edbc ph\u00e1p lu\u1eadt n\u1ebfu th\u00f4ng tin kh\u00e1ch h\u00e0ng b\u1ecb ph\u00e1t t\u00e1n ra b\u00ean ngo\u00e0i t\u1eeb Tim Sen.<\/li>\n<li><strong>\u0110\u1eb7c bi\u1ec7t:<\/strong> H\u1ed7 tr\u1ee3 ho\u00e0n thi\u1ec7n 1 n\u0103m s\u1ed5 s\u00e1ch t\u00e0i ch\u00ednh ch\u1ec9 trong v\u00f2ng 7 ng\u00e0y ti\u1ebfp nh\u1eadn.<\/li>\n<\/ul>\n<div style=\"margin: 0px 0px 13px; padding: 13px; border: 1px solid blue; outline: 0px; font-family: 'Helvetica Neue', Helvetica, Arial, sans-serif; vertical-align: baseline; color: #000000; font-size: 14px; background-color: #e3f4fb;\">\n<div style=\"margin: 0px; padding: 0px; border: 0px; outline: 0px; font-weight: inherit; font-style: inherit; font-family: inherit; vertical-align: baseline;\">\n<p style=\"text-align: justify;\"><span style=\"color: #282828;\">Xem th\u00eam c\u00e1c b\u00e0i vi\u1ebft kh\u00e1c:<\/span><\/p>\n<p><span style=\"color: #ed1c24;\"><strong>=&gt;&gt;<\/strong><\/span><strong> Ch\u1ebf \u0111\u1ed9 k\u1ebf to\u00e1n doanh nghi\u1ec7p<\/strong><\/p>\n<p><strong><span style=\"color: #ff0000;\">=&gt;&gt;<\/span> D\u1ecbch v\u1ee5 l\u00e0m b\u00e1o c\u00e1o thu\u1ebf<\/strong><\/p>\n<\/div>\n<\/div>\n\t\t<\/div>\n\t\t\t\t\t<\/div>\n\n\t\n<\/div>\n\t\t<\/div>\n\n\t\t\n<style>\n#section_1559423977 {\n  padding-top: 30px;\n  padding-bottom: 30px;\n}\n<\/style>\n\t<\/section>\n\t\n","protected":false},"excerpt":{"rendered":"","protected":false},"author":1,"featured_media":299,"parent":0,"menu_order":0,"comment_status":"closed","ping_status":"closed","template":"page-blank.php","meta":{"footnotes":""},"class_list":["post-44","page","type-page","status-publish","has-post-thumbnail","hentry"],"_links":{"self":[{"href":"https:\/\/timsen.giaodienflatsome.com\/index.php\/wp-json\/wp\/v2\/pages\/44","targetHints":{"allow":["GET"]}}],"collection":[{"href":"https:\/\/timsen.giaodienflatsome.com\/index.php\/wp-json\/wp\/v2\/pages"}],"about":[{"href":"https:\/\/timsen.giaodienflatsome.com\/index.php\/wp-json\/wp\/v2\/types\/page"}],"author":[{"embeddable":true,"href":"https:\/\/timsen.giaodienflatsome.com\/index.php\/wp-json\/wp\/v2\/users\/1"}],"replies":[{"embeddable":true,"href":"https:\/\/timsen.giaodienflatsome.com\/index.php\/wp-json\/wp\/v2\/comments?post=44"}],"version-history":[{"count":4,"href":"https:\/\/timsen.giaodienflatsome.com\/index.php\/wp-json\/wp\/v2\/pages\/44\/revisions"}],"predecessor-version":[{"id":300,"href":"https:\/\/timsen.giaodienflatsome.com\/index.php\/wp-json\/wp\/v2\/pages\/44\/revisions\/300"}],"wp:featuredmedia":[{"embeddable":true,"href":"https:\/\/timsen.giaodienflatsome.com\/index.php\/wp-json\/wp\/v2\/media\/299"}],"wp:attachment":[{"href":"https:\/\/timsen.giaodienflatsome.com\/index.php\/wp-json\/wp\/v2\/media?parent=44"}],"curies":[{"name":"wp","href":"https:\/\/api.w.org\/{rel}","templated":true}]}}